culate the remainder when y is divided by i.
4
Let o = 400 - 336. Calculate the remainder when 271 is divided by o.
15
Suppose -2*c = 4*w - 4, 6*c + 5*w = 4*c - 1. Calculate the remainder when 453 is divided by c.
9
Let a = 3 + -1. Suppose 19 - 1 = a*g. Let x = 47 - 32. What is the remainder when x is divided by g?
6
Suppose 3*y - 3*n = 0, 5*y = -4*n - 7 + 34. Suppose y*t = 16 + 17. Suppose 2*w + 238 = 4*g, -4*g + 212 + t = w. What is the remainder when g is divided by 12?
9
Suppose 3*d = 5*w - 134, w - 4*d - 40 = d. What is the remainder when ((-318)/(-15))/2 - (-10)/w is divided by 7?
4
Suppose 0 = -2*o + 2*r - 6*r + 142, -4*r = -o + 53. Let s = o + -57. Calculate the remainder when 16 is divided by s.
0
Suppose -4*p + 59 = u - 23, 25 = p - 2*u. Calculate the remainder when 1/(-2)*(-172 - -6) is divided by p.
20
Calculate the remainder when 68 is divided by (-2*4/16)/((-9)/468).
16
Let j = 483 + -470. What is the remainder when 24 is divided by j?
11
Let q(m) = m + 13. Calculate the remainder when 52 is divided by q(1).
10
Suppose 6*y + 38 - 290 = 0. Calculate the remainder when y is divided by 9.
6
Let s(o) = -7*o + 309. Calculate the remainder when s(26) is divided by 39.
10
Let c(b) = -b**3 + 2*b - 373. Let d be c(0). Let i = d - -649. Suppose -5*a = -i - 34. What is the remainder when a is divided by 21?
20
Let t = -19 - -32. Suppose -2*f + d + 11 = 0, -4*f + 3*d + 2*d + t = 0. Suppose 0 = -3*y + f + 17. What is the remainder when 22 is divided by y?
6
Let h(y) = 27*y + 694. What is the remainder when 796 is divided by h(-22)?
96
Let n = 19 - -100. What is the remainder when n is divided by 12?
11
Suppose 4*x - 139 = -3*b, -3*b + 156 = 2*x + 13. Let l(n) = -2*n - 18. Let w be l(-11). Let z = 22 + w. What is the remainder when b is divided by z?
23
Let p = 3 + 2. Let h = p + 3. What is the remainder when (-63)/6*-2 + 2*1 is divided by h?
7
Calculate the remainder when 80 is divided by -3*(11/((-33)/20) - -1).
12
Calculate the remainder when 12*9/36 + 276 is divided by 10.
9
Suppose p = -3*y + 56, 2*p + 120 = 5*y - 3*p. Calculate the remainder when (-2080)/60*(-18)/8 is divided by y.
18
Let z = -137 + 138. Let b = 28 - 15. What is the remainder when 26 is divided by z*(-4 - -1) + b?
6
Suppose 2*h = h - 1. Let r(c) = -39*c - 2. Let i be r(h). Let p = -18 + i. What is the remainder when 35 is divided by p?
16
Suppose 5*w + 562 = 1917. Calculate the remainder when w is divided by 46.
41
Suppose 3*d = 2*v - 37, 3*v + 0*d = -2*d + 36. What is the remainder when 112 is divided by v?
0
Let h(c) = c**2 + 60*c + 2747. Calculate the remainder when h(0) is divided by 110.
107
Suppose -2*c - 4*t = -308, 0 = -3*c - 3*t - t + 452. Calculate the remainder when 425 is divided by c.
137
Suppose -s + 2*n = 3, -n - n - 12 = -4*s. Suppose -s*a + 26 = -9. Let k = 55 - 37. Calculate the remainder when k is divided by a.
4
Let v = 851 - 837. Let w(s) = s**2 - 7*s + 5. Calculate the remainder when v is divided by w(7).
4
Let y be -3*(-3 + 4) + 4. What is the remainder when (39 - y) + (-2 - -6) is divided by 11?
9
Let n(y) = -y**3 - 10*y**2 - y - 10. Let u be n(-10). Let v = u + 0. Suppose v = -5*x - 4*j + 3 + 11, -8 = 2*j. What is the remainder when 23 is divided by x?
5
Suppose 0 = j - n - 7 - 54, -j + 49 = 3*n. Suppose j = 20*t - 18*t. Calculate the remainder when t is divided by 6.
5
Suppose -15*j + 978 = -13*j. Calculate the remainder when j is divided by 96.
9
Suppose 4*v - 5*d - 50 = 27, 3*v = -d + 34. Let x = -10 + v. Calculate the remainder when 7 is divided by x.
1
Let u = 2021 - 1580. Calculate the remainder when u is divided by 154.
133
Suppose -2*u + 2*n = -0*u - 32, 4*u - 73 = -5*n. Let o be ((-296)/(-2))/(6/9). Let t = o + -155. Calculate the remainder when t is divided by u.
16
Suppose 2 = i - 1. Let v be -6*i/(-4)*-6. What is the remainder when (9/v)/((-2)/138) is divided by 12?
11
Suppose 0 = 5*x - 14 - 11. Let r(l) = -l**2 + 2*l + 8. Let v be r(3). Suppose v*o - 10 = 25. Calculate the remainder when o is divided by x.
2
Let x be 6*(23/3 - -3). Calculate the remainder when 28 is divided by x/6 + 4/(-6).
8
Suppose 8*h - 5*h + 4*f = 26, 5*h = -4*f + 54. Calculate the remainder when 125 is divided by h.
13
Let l(u) = 3*u - 6. Let y = 1529 - 1482. What is the remainder when y is divided by l(6)?
11
Let d = -604 + 1318. What is the remainder when d is divided by 13?
12
What is the remainder when 29 is divided by 1/1 - (-20 + 16)?
4
Let t(n) = -n**2 + 6*n + 48. What is the remainder when 151 is divided by t(10)?
7
Let s = -40 - -65. Suppose 2 + 3 = -5*p. Let w = p + 8. Calculate the remainder when s is divided by w.
4
Let y(z) = -z + 12. Calculate the remainder when 32 is divided by y(0).
8
Let m(s) = 4*s + 28. Let y be m(-14). Let i = y + 32. Calculate the remainder when 9 is divided by i.
1
Let n = 999 - 988. What is the remainder when 43 is divided by n?
10
Let q = -25 - -20. Let x(r) = -r**3 - 3*r**2 - r + 7. Let g be x(q). Suppose 5*n + 2 = g. What is the remainder when 46 is divided by n?
10
Let g = -114 + 127. Calculate the remainder when (-44)/6*168/(-16) is divided by g.
12
Let s be 166/4 - (-15)/30. Let h = 69 - s. What is the remainder when 71 is divided by h?
17
Let y(b) be the third derivative of -23*b**6/120 + b**4/12 + b**3/6 + 13*b**2. Let g = -12 + 54. What is the remainder when g is divided by y(-1)?
20
Suppose f - 12 = -x, 36 = x + 3*x + f. What is the remainder when x is divided by 5?
3
Let w(x) = x + 43. Let z be w(-14). Let m = 33 - z. Calculate the remainder when 5 is divided by m.
1
Let m = 103 + -56. Let d = 32 + -30. What is the remainder when m is divided by d + 11 - -1 - 2?
11
Let p = -183 + 219. Let t be ((-56)/(-10))/((-8)/(-100)). Suppose 5*n = 5*s + p + 54, -t = -4*n + 2*s. What is the remainder when 32 is divided by n?
15
Let g = 5 - 3. What is the remainder when 49 is divided by ((-39)/9)/((-1)/(1 + g))?
10
Let h(u) = -2*u**3 - 4*u**2 + u + 7. Let w be h(4). Let b = w - -215. What is the remainder when b is divided by ((-2)/(-3))/((-1)/(-18))?
10
Let c be -9*((-8)/6 + 0). Suppose 0 = -13*y + c*y. Suppose -5*m = 2*d - 40, 5*d - m - m - 42 = y. What is the remainder when 19 is divided by d?
9
Suppose 9*j + 10 + 17 = 0. What is the remainder when (j - -5) + -5 - -24 is divided by 6?
3
Suppose -2*i + 30 = -i. Let l = 45 - i. Calculate the remainder when (-2 - 2)/2 - -31 is divided by l.
14
Let u(y) = 2*y**2 - 2*y - 7. Let x be u(3). Suppose -x*i = -8 - 27. What is the remainder when i is divided by 2?
1
Suppose 33 = 8*u - 7. Suppose -2*s - 2*z = -46, -s + 19 = u*z - 24. Suppose -v = -0*v - s. Calculate the remainder when v is divided by 4.
2
Let a = -25 + 70. Let j = -123 - -117. Let v = j + a. What is the remainder when v is divided by 21?
18
Let q(z) = -4*z + 2 - 1 + 4. Let o = -1546 - -1606. What is the remainder when o is divided by q(-4)?
18
Suppose 42*z - 47*z = -695. What is the remainder when z is divided by 40?
19
Let h = -28 + 64. Suppose 2*r + 19 = -5*t + 104, 63 = 2*t - 5*r. What is the remainder when h is divided by t?
17
Let p = -114 + 144. Calculate the remainder when 266 is divided by p.
26
Let q(t) = t**3 - 6*t**2 - 11*t + 29. Let f be q(7). Suppose -f = -5*u + 9. What is the remainder when 7 is divided by u?
1
Let k = 5 - 8. Suppose 4*w = 4*u + 2*w + 284, w - 358 = 5*u. Calculate the remainder when 14 is divided by (-1)/(k*(-4)/u).
2
Let r(j) = -12*j**3 + 11*j**2 + 29*j - 4. Calculate the remainder when r(-3) is divided by 49.
38
Suppose -h - 136 = -c, -3*h = 3*c - 0*h - 420. Let w be 351/4 + (-40)/(-32). Let z = w - 54. What is the remainder when c is divided by z?
33
Let c(p) = -3*p**2 + 66*p + 48. Calculate the remainder when 142 is divided by c(22).
46
Let d(u) = 2*u**3 - 5*u**2 - 4*u + 1. Suppose -6*x - 5 = -7*x. Calculate the remainder when d(x) is divided by 18.
16
Let l(y) = -6*y + 6. What is the remainder when 1122/(-55)*5/(-2) is divided by l(-2)?
15
Suppose -23*l + 103 + 1691 = 0. Let k = -21 - -41. What is the remainder when l is divided by k?
18
Calculate the remainder when (0 - 373/(-2))*(-45 + 47) is divided by 22.
21
Suppose 20 = 7*c - 3*c. Suppose 6*j - 7 = c*j. Suppose 0 = 5*o - 129 - 6. What is the remainder when o is divided by j?
6
Suppose -5*q - 155 = -55. Let w be (-2)/(-1*(-1)